ime factors of n(l)?
5, 17
Suppose 5*j - 11345 = -4*n, 4*n + 2*j - 3*j = 11315. What are the prime factors of (n/(-15))/((-4)/6)?
283
Suppose -x - 3 = -8. Suppose 0 = -x*f - 0*d - 4*d + 398, -d = 2*f - 158. What are the prime factors of f?
2, 3, 13
Let l be (-3)/(4 + 236/(-56)). Let i(q) = 14*q**2 - 7 - 10 + 5*q - q**3 - 1. What are the prime factors of i(l)?
2, 13
Let k(d) = -d + 5. Let a be k(7). Let r be (40/32)/(a/24). List the prime factors of -1*-2*r/(-6).
5
Suppose 4*x - 7*z + 32 = -3*z, 0 = -x - 3*z - 20. Let l(s) = -s**3 - 11*s**2 - 3*s - 13. Let a be l(x). Let v = 28 - a. What are the prime factors of v?
2
Suppose 18 = 3*m + 2*u, 3*m - 3*u = -m + 7. Suppose -297 = z - m*z. List the prime factors of z.
3, 11
Suppose -8*c - 168 = -9*c. List the prime factors of c.
2, 3, 7
Suppose 0 = -h + 1571 - 428. List the prime factors of h.
3, 127
Let p(x) be the third derivative of x**5/60 + 5*x**4/24 - x**3/2 + x**2. Let c be p(-6). Suppose 2*r = -c*r + 125. List the prime factors of r.
5
Suppose 0 = 77*d - 59*d - 13014. What are the prime factors of d?
3, 241
Let t(p) = -29*p**2 - 2*p + 1. Let x be t(1). Let l = x - -40. Suppose 0 = 5*f - 5*j - 55 - l, 3*j = 4*f - 53. List the prime factors of f.
2, 7
Let v(a) = -5*a**3 - a**2 - 18*a - 11. What are the prime factors of v(-7)?
13, 137
Suppose -x = -3*s - 32, -2*x + 14 = 4*s - 20. Suppose -x*h = -29*h + 78. What are the prime factors of h?
13
Let l(i) = i**3 - 5*i**2 + 6*i - 4. Suppose -9 - 6 = -r. Suppose c - r = -2*c. List the prime factors of l(c).
2, 13
Suppose 0 = -537*w + 544*w - 1631. List the prime factors of w.
233
Suppose 0 = 4*z + 368 - 1580. List the prime factors of z.
3, 101
Let c = -1283 + 2181. List the prime factors of c.
2, 449
Suppose -3*u + 0*u - o + 65 = 0, 3*u - 3*o = 45. Let s be -2 + 8*(-9)/6. Let b = u + s. What are the prime factors of b?
2, 3
Suppose -15 - 30 = -5*u. What are the prime factors of (159 - (u + -5))/1?
5, 31
Suppose -5*l = 2 - 7. Let k(t) = 32*t**2 + 2. What are the prime factors of k(l)?
2, 17
Let g(h) = 2*h**2 - 16*h + 29. What are the prime factors of g(6)?
5
Suppose 28 = -2*a + 3*a + 3*y, -4*a = 2*y - 62. Let v(d) = 2*d - d + a - 4. What are the prime factors of v(-5)?
2
Let m be (32/48)/((-2)/12). Let x = m - -9. List the prime factors of x.
5
Let d(n) = n**3 + 5*n**2 - 2*n + 1688. What are the prime factors of d(0)?
2, 211
Suppose 7393 = -12*j + 55489. List the prime factors of j.
2, 3, 167
Suppose l = 4*r - 305, l = r - 102 + 28. Suppose -3*o + b = -5*o + r, -150 = -4*o + 2*b. Suppose -14 + o = 3*p. What are the prime factors of p?
2
List the prime factors of ((-8566)/(-4))/(12/24).
4283
Suppose 0 = -2*w + 3*c - 246 - 35, -4*c - 246 = 2*w. Let r = -64 - w. List the prime factors of r.
3, 23
Let l be (-1)/(-2) + 1175/(-10). Let y = l + 260. List the prime factors of y.
11, 13
List the prime factors of (51/(-9) - 1)*(-12)/10.
2
Let j = -44 - -44. List the prime factors of 34 - 1*(j - -3).
31
Let s be 306/63 - (-1)/7. Let o = 10 - s. Suppose o*k + 3*h - 52 = 28, 4*h = -5*k + 75. What are the prime factors of k?
19
Let b(s) = -3*s**2 + 7*s - 3. Let g be b(4). Let l = -23 - g. Suppose a = -l*a + 38. List the prime factors of a.
2, 19
Let d be 3 - ((-3)/3)/(-1). Let h(p) = 9*p + 49. Let s be h(-13). Let y = d - s. List the prime factors of y.
2, 5, 7
Suppose -9*v + 12*v - 6 = 0. Suppose 0*l = 4*l + v*c - 30, -17 = -2*l - 3*c. What are the prime factors of l?
7
Suppose -9019 = -3*m - 2*r, 3*m + 5*r = -m + 12037. List the prime factors of m.
3, 7, 11, 13
Let k(c) = 4*c**3 - c**2 - 2*c - 5. Let v(t) = -4*t**3 + t**2 + 3*t + 5. Let x(d) = 2*k(d) + 3*v(d). List the prime factors of x(-2).
31
Suppose -5*h - 300 + 100 = 0. Let f = 64 - h. List the prime factors of f.
2, 13
List the prime factors of 7419/3 + 4 + (-9 - -2).
2, 5, 13, 19
Suppose 5*t - 40 = -y, -5*t = -5*y - 22 - 18. Suppose 0 = -t*m + m + 224. List the prime factors of m.
2
Suppose -5 = -h - u, -5*h + 3*u - u = -32. What are the prime factors of 11 + (-16)/(h - 2)?
7
Let h(g) be the second derivative of -g**4/12 + 7*g**3/2 - 7*g**2/2 + 8*g. List the prime factors of h(14).
7, 13
Let m(b) = b**3 + 9*b**2 + 9*b - 19. Let p be m(-8). Let t be 1/3 - 558/p. Suppose 19*l + t = 20*l. What are the prime factors of l?
3, 7
Let t(z) be the second derivative of z**5/20 + 7*z**4/12 - 4*z**3/3 - 5*z**2/2 + 24*z. What are the prime factors of t(5)?
3, 5, 17
Let g = -195 - -125. Let w = -32 - g. List the prime factors of w.
2, 19
Let f be 5 + (4 - 0) + -7. Suppose 14 - f = -4*x. List the prime factors of (-134)/(-4) + x/(-6).
2, 17
Suppose 0*x + 3*x = 5*w - 2412, x + 482 = w. List the prime factors of w.
3, 7, 23
Suppose 23 - 3 = -j. Let m be (j/(-25))/((-4)/(-530)). Suppose -4*h = -3*s - m, 5*h - 82 = -3*s + 37. What are the prime factors of h?
5
Let i be (-15 - -7)*(-7)/2. Let v = 38 - -9. Let l = v - i. What are the prime factors of l?
19
Let v = -22 - -32. Suppose -v*z + 406 = -484. List the prime factors of z.
89
Let p be (-48)/(-3) + 0 - -1. Let g = 25 - p. List the prime factors of g.
2
Suppose -5*f - x + 344 = 0, -124 = 4*f + 4*x - 396. Suppose -2*h - 5*p = -f, -208 = -4*h + 2*p + 2*p. List the prime factors of h.
47
Let c(b) be the third derivative of b**4/8 + 34*b**3/3 + 16*b**2. List the prime factors of c(0).
2, 17
Suppose 5*w - 443 = -4*r, 0 = 5*r + 14*w - 12*w - 575. List the prime factors of r.
3, 13
Suppose -5*x - 618 = 52. Let b = x + 208. List the prime factors of b.
2, 37
Let t = -150 - -81. Let p = t - -188. List the prime factors of p.
7, 17
Suppose -3 + 12 = 3*a. Suppose -3*w = l - 797, -w + 4*w - 813 = a*l. What are the prime factors of w?
3, 89
Suppose 13*j - 3 = 16*j. What are the prime factors of -2 - -126*(j + 2)?
2, 31
Let k = -6 + -3. Let n = k - -10. List the prime factors of (-71)/(-3) + n/3.
2, 3
Let b = -34 - -24. Let p(g) = -11*g - 25. What are the prime factors of p(b)?
5, 17
Let t(a) = 2*a**2 - 2*a - 18. Let k be t(7). What are the prime factors of (k/(-1))/(4 - 33/6)?
2, 11
Suppose -3*z + 294 = 3*b, -4*z - z + 284 = 3*b. What are the prime factors of b?
103
Let l(b) = 5*b - 4. Let k(w) = -6*w + 4. Let v(t) = 5*k(t) + 4*l(t). Let x be v(3). Let u = x + 43. What are the prime factors of u?
17
Let g be 8/(-4)*28/(-4). Suppose 3*r - g = 3*q - 4*q, -4*q + 5*r + 73 = 0. List the prime factors of q.
17
Let u be ((-8)/(-4))/((-24)/9 + 3). Suppose k = -5*z + 6*k + 240, 5*z = -4*k + 258. Let m = z + u. List the prime factors of m.
2, 7
Let m be 8/((-8 + 0)/(-4)). Let u(k) = 2*k**2 + 8*k - 10. List the prime factors of u(m).
2, 3
Suppose -23 = -4*z + 2*n - n, 20 = z - 5*n. Suppose z*q - 16 = 74. List the prime factors of q.
2, 3
Let g(d) be the first derivative of d**2/2 + 28*d + 1. Let m be 2/(-10)*0/7. What are the prime factors of g(m)?
2, 7
Let v = 59 + -17. Suppose -v = -5*h - 3*a, 36 = 2*h + 5*a + 4. List the prime factors of h.
2, 3
Let a = 19 + -17. Let u(g) = -3*g + g + g**a - 5*g + 4*g - 2. What are the prime factors of u(8)?
2, 19
Let f(v) = -v**2 - 5*v - 6. Let n be f(-4). Let z be (n/(-4))/1*-32. Let q = 25 + z. List the prime factors of q.
3
Suppose 7 = -5*x + p + 3*p, 0 = 4*p + 8. Let h = -1 + -6. What are the prime factors of h/21 + (-160)/x?
53
Suppose -8*n + 4*n = -16. Suppose n*t + 47 = 5*m + 5, -2*t + 4 = 0. What are the prime factors of m?
2, 5
Let j(o) = 14*o**2 - 5*o - 65. What are the prime factors of j(-5)?
2, 5, 31
Let h(f) = 2*f**3 - 8*f**2 + 11*f. Let s be h(6). Suppose -2*a + 280 = 2*a + 4*d, 0 = -3*a + 5*d + s. What are the prime factors of a?
2, 5, 7
Let g(l) = l**2 - 5*l - 5. Let j be g(5). Let c(v) = 74*v - 5. Let y be c(j). List the prime factors of y/(-35) - 2/(-7).
11
Let q(k) = -4*k. Suppose 7 = -3*b - 2*d, 4 = -3*b - 5*d - 9. Let g be q(b). What are the prime factors of (30/(-4))/((-2)/g)?
3, 5
Let u(w) = -3*w + 3. Let k(f) = -f + 1. Let v(d) = -9*k(d) + 2*u(d). Let x be (-3)/(-5) + 216/15. What are the prime factors of v(x)?
2, 3, 7
List the prime factors of -5 - ((-34)/85 - (-578)/(-5)).
3, 37
Let r(u) = -u**3 + 2*u**2 + 6*u + 6. Let l be r(5). Let p = l + 44. What are the prime factors of p?
5
Let u = -882 + 2332. List the prime factors of u.
2, 5, 29
Let r(c) = -c**2 + 30*c + 7. Let t be r(15). Suppose -t - 2 = -6*j. List the prime factors o